{"id":340,"date":"2015-11-25T21:23:23","date_gmt":"2015-11-25T21:23:23","guid":{"rendered":"http:\/\/theme-fusion.com\/avada\/modern-shop\/?page_id=340"},"modified":"2018-08-11T12:01:26","modified_gmt":"2018-08-11T10:01:26","slug":"kontakt","status":"publish","type":"page","link":"https:\/\/www.unterhoferholz.eu\/index.php\/kontakt\/","title":{"rendered":"KONTAKT"},"content":{"rendered":"<div class=\"fusion-fullwidth fullwidth-box fusion-fullwidth-1  fusion-parallax-none nonhundred-percent-fullwidth\" style=\"border-color:#eae9e9;border-bottom-width: 0px;border-top-width: 0px;border-bottom-style: solid;border-top-style: solid;padding-bottom:125px;padding-top:0px;padding-left:;padding-right:;\"><style type=\"text\/css\" scoped=\"scoped\">.fusion-fullwidth-1 {\n                            padding-left: px !important;\n                            padding-right: px !important;\n                        }<\/style><div class=\"fusion-row\"><div class=\"fusion-one-sixth fusion-layout-column fusion-spacing-yes\" style=\"margin-top:0px;margin-bottom:20px;\"><div class=\"fusion-column-wrapper\"><div class=\"fusion-clearfix\"><\/div><\/div><\/div><div class=\"fusion-two-third fusion-layout-column fusion-spacing-yes\" style=\"margin-top:0px;margin-bottom:20px;\"><div class=\"fusion-column-wrapper\"><h5 style=\"text-align: center;\">KONTAKTIEREN SIE UNS<\/h5>\n<div class=\"fusion-sep-clear\"><\/div><div class=\"fusion-separator sep-single\" style=\"border-color:#999999;border-top-width:1px;margin-left: auto;margin-right: auto;margin-top:5px;width:100%;max-width:30px;\"><\/div><h4 style=\"text-align: center; font-size: 33px; line-height: 50px;\">Wir erf\u00fcllen Ihren Holz-Wunsch. Arbeiten Sie mit uns. Wir sind verl\u00e4sslich und gr\u00fcndlich.<\/h4>\n<div class=\"fusion-clearfix\"><\/div><\/div><\/div><div class=\"fusion-one-sixth fusion-layout-column fusion-column-last fusion-spacing-yes\" style=\"margin-top:0px;margin-bottom:20px;\"><div class=\"fusion-column-wrapper\"><div class=\"fusion-clearfix\"><\/div><\/div><\/div><div class=\"fusion-clearfix\"><\/div><div class=\"fusion-sep-clear\"><\/div><div class=\"fusion-separator sep-none\" style=\"border-color:transparent;margin-left: auto;margin-right: auto;margin-top:20px;width:100%;max-width:170px;\"><\/div><div class=\"fusion-content-boxes content-boxes columns fusion-columns-3 fusion-columns-total-3 fusion-content-boxes-1 content-boxes-icon-on-top row content-left\" data-animationOffset=\"100%\" style=\"margin-top:0px;margin-bottom:60px;\"><style type=\"text\/css\" scoped=\"scoped\">\n\t\t\t.fusion-content-boxes-1 .fusion-content-box-hover .link-area-link-icon-hover .heading h2,\n\t\t\t.fusion-content-boxes-1 .fusion-content-box-hover .link-area-link-icon-hover .heading .heading-link h2,\n\t\t\t.fusion-content-boxes-1 .fusion-content-box-hover .link-area-box-hover .heading h2,\n\t\t\t.fusion-content-boxes-1 .fusion-content-box-hover .link-area-box-hover .heading .heading-link h2,\n\t\t\t.fusion-content-boxes-1 .fusion-content-box-hover .link-area-link-icon-hover.link-area-box .fusion-read-more,\n\t\t\t.fusion-content-boxes-1 .fusion-content-box-hover .link-area-link-icon-hover.link-area-box .fusion-read-more::after,\n\t\t\t.fusion-content-boxes-1 .fusion-content-box-hover .link-area-link-icon-hover.link-area-box .fusion-read-more::before,\n\t\t\t.fusion-content-boxes-1 .fusion-content-box-hover .fusion-read-more:hover:after,\n\t\t\t.fusion-content-boxes-1 .fusion-content-box-hover .fusion-read-more:hover:before,\n\t\t\t.fusion-content-boxes-1 .fusion-content-box-hover .fusion-read-more:hover,\n\t\t\t.fusion-content-boxes-1 .fusion-content-box-hover .link-area-box-hover.link-area-box .fusion-read-more,\n\t\t\t.fusion-content-boxes-1 .fusion-content-box-hover .link-area-box-hover.link-area-box .fusion-read-more::after,\n\t\t\t.fusion-content-boxes-1 .fusion-content-box-hover .link-area-box-hover.link-area-box .fusion-read-more::before,\t\t\t\n\t\t\t.fusion-content-boxes-1 .fusion-content-box-hover .link-area-link-icon-hover .icon .circle-no,\n\t\t\t.fusion-content-boxes-1 .fusion-content-box-hover .link-area-box-hover .icon .circle-no {\n\t\t\t\tcolor: #a48a7a !important;\n\t\t\t}\n\t\t\t.fusion-content-boxes-1 .fusion-content-box-hover .heading-link:hover .icon i.circle-yes,\n\t\t\t.fusion-content-boxes-1 .fusion-content-box-hover .link-area-box:hover .heading-link .icon i.circle-yes,\n\t\t\t.fusion-content-boxes-1 .fusion-content-box-hover .link-area-link-icon-hover .heading .icon i.circle-yes,\n\t\t\t.fusion-content-boxes-1 .fusion-content-box-hover .link-area-box-hover .heading .icon i.circle-yes {\n\t\t\t\tbackground-color: #a48a7a !important;\n\t\t\t\tborder-color: #a48a7a !important;\n\t\t\t}<\/style><div class=\"fusion-column content-box-column content-box-column-1 col-lg-4 col-md-4 col-sm-4 fusion-content-box-hover content-box-column-first-in-row\"><div class=\"col content-wrapper link-area-link-icon icon-hover-animation-fade\" style=\"background-color:transparent;\"><div class=\"heading heading-with-icon icon-left\"><div class=\"icon\"><i style=\"border-color:#333333;border-width:1px;background-color:#333333;height:42px;width:42px;line-height:42px;border-radius:100%;color:#ffffff;font-size:21px;\" class=\"fa fontawesome-icon fa-map-marker circle-yes\"><\/i><\/div><h2 class=\"content-box-heading\" style=\"font-size: 18px;line-height:23px;\">ANSCHRIFT<\/h2><\/div><div class=\"fusion-clearfix\"><\/div><div class=\"content-container\">\n<p style=\"text-align: center;\">Unterhofer Holz des Unterhofer Thomas<br \/>\nI-39054 Klobenstein\/Collalbo (Ritten\/Renon)<br \/>\nS\u00fcdtirol\/Alto Adige<br \/>\nDolomitenweg\/Via delle Dolomiti 13<\/p>\n<p style=\"text-align: center;\">MwSt. Nr.\/Part. IVA:\u00a002992790218<br \/>\nSteuernummer\/Codice Fiscale:\u00a0NTRTMS82B15A952M<\/p>\n<\/div><\/div><\/div><div class=\"fusion-column content-box-column content-box-column-2 col-lg-4 col-md-4 col-sm-4 fusion-content-box-hover\"><div class=\"col content-wrapper link-area-link-icon icon-hover-animation-fade\" style=\"background-color:transparent;\"><div class=\"heading heading-with-icon icon-left\"><div class=\"icon\"><i style=\"border-color:#333333;border-width:1px;background-color:#333333;height:42px;width:42px;line-height:42px;border-radius:100%;color:#ffffff;font-size:21px;\" class=\"fa fontawesome-icon fa-envelope-o circle-yes\"><\/i><\/div><h2 class=\"content-box-heading\" style=\"font-size: 18px;line-height:23px;\">E-MAIL<\/h2><\/div><div class=\"fusion-clearfix\"><\/div><div class=\"content-container\">\n<p style=\"text-align: center;\">Schicken Sie uns eine E-Mail<br \/>\n<a href=\"mailto:info@unterhoferholz.eu\">info@unterhoferholz.eu<\/a><\/p>\n<p style=\"text-align: center;\">PEC-Mail:<br \/>\n<a href=\"mailto:unterhoferthomas@secure-pec.it\">unterhoferthomas@secure-pec.it<\/a><\/p>\n<\/div><\/div><\/div><div class=\"fusion-column content-box-column content-box-column-3 col-lg-4 col-md-4 col-sm-4 fusion-content-box-hover content-box-column-last content-box-column-last-in-row\"><div class=\"col content-wrapper link-area-link-icon icon-hover-animation-fade\" style=\"background-color:transparent;\"><div class=\"heading heading-with-icon icon-left\"><div class=\"icon\"><i style=\"border-color:#333333;border-width:1px;background-color:#333333;height:42px;width:42px;line-height:42px;border-radius:100%;color:#ffffff;font-size:21px;\" class=\"fa fontawesome-icon fa-phone circle-yes\"><\/i><\/div><h2 class=\"content-box-heading\" style=\"font-size: 18px;line-height:23px;\">TELEFON<\/h2><\/div><div class=\"fusion-clearfix\"><\/div><div class=\"content-container\">\n<p style=\"text-align: center;\">Rufen Sie uns an<br \/>\n335\/1825415<\/p>\n<\/div><\/div><\/div><div class=\"fusion-clearfix\"><\/div><div class=\"fusion-clearfix\"><\/div><\/div><div class=\"imageframe-align-center\"><span class=\"fusion-imageframe imageframe-none imageframe-1 hover-type-none\"> <img src=\"https:\/\/www.unterhoferholz.eu\/rogaa16\/wp-content\/uploads\/2014\/12\/\u00a9-UNTERHOFER-Holz-Holz-1024x223.png\" alt=\"\" class=\"img-responsive\"\/><\/span><\/div><\/div><\/div><div class=\"fusion-fullwidth fullwidth-box fusion-fullwidth-2  fusion-parallax-none nonhundred-percent-fullwidth\" style=\"border-color:#eae9e9;border-bottom-width: 0px;border-top-width: 0px;border-bottom-style: solid;border-top-style: solid;padding-bottom:125px;padding-top:125px;padding-left:;padding-right:;background-color:#604c3f;\"><style type=\"text\/css\" scoped=\"scoped\">.fusion-fullwidth-2 {\n                            padding-left: px !important;\n                            padding-right: px !important;\n                        }<\/style><div class=\"fusion-row\"><div class=\"fusion-one-sixth fusion-layout-column fusion-spacing-yes\" style=\"margin-top:0px;margin-bottom:20px;\"><div class=\"fusion-column-wrapper\"><div class=\"fusion-clearfix\"><\/div><\/div><\/div><div class=\"fusion-two-third fusion-layout-column fusion-spacing-yes\" style=\"margin-top:0px;margin-bottom:20px;\"><div class=\"fusion-column-wrapper\"><h5 style=\"text-align: center;\">IHRE SCHNELLANFRAGE VIA FORMULAR<\/h5>\n<div class=\"fusion-sep-clear\"><\/div><div class=\"fusion-separator sep-single\" style=\"border-color:#999999;border-top-width:1px;margin-left: auto;margin-right: auto;margin-top:5px;width:100%;max-width:30px;\"><\/div><h4 style=\"text-align: center; font-size: 33px; line-height: 50px;\">Schicken Sie uns Ihre Anfrage und wir werden uns damit schnellstm\u00f6glich befassen<\/h4>\n<div class=\"fusion-sep-clear\"><\/div><div class=\"fusion-separator fusion-full-width-sep sep-none\" style=\"border-color:rgba(255,255,255,.2);margin-left: auto;margin-right: auto;margin-top:10px;margin-bottom:10px;\"><\/div><div role=\"form\" class=\"wpcf7\" id=\"wpcf7-f626-o1\" lang=\"en-US\" dir=\"ltr\">\n<div class=\"screen-reader-response\"><p role=\"status\" aria-live=\"polite\" aria-atomic=\"true\"><\/p> <ul><\/ul><\/div>\n<form action=\"\/index.php\/wp-json\/wp\/v2\/pages\/340#wpcf7-f626-o1\" method=\"post\" class=\"wpcf7-form init\" novalidate=\"novalidate\" data-status=\"init\">\n<div style=\"display: none;\">\n<input type=\"hidden\" name=\"_wpcf7\" value=\"626\" \/>\n<input type=\"hidden\" name=\"_wpcf7_version\" value=\"5.5.3\" \/>\n<input type=\"hidden\" name=\"_wpcf7_locale\" value=\"en_US\" \/>\n<input type=\"hidden\" name=\"_wpcf7_unit_tag\" value=\"wpcf7-f626-o1\" \/>\n<input type=\"hidden\" name=\"_wpcf7_container_post\" value=\"0\" \/>\n<input type=\"hidden\" name=\"_wpcf7_posted_data_hash\" value=\"\" \/>\n<\/div>\n<div class=\"fusion-one-third fusion-layout-column fusion-spacing-yes\"><span class=\"wpcf7-form-control-wrap your-name\"><input type=\"text\" name=\"your-name\" value=\"\" size=\"40\" class=\"wpcf7-form-control wpcf7-text wpcf7-validates-as-required\" aria-required=\"true\" aria-invalid=\"false\" placeholder=\"NAME\" \/><\/span><\/div>\n<div class=\"fusion-one-third fusion-layout-column fusion-spacing-yes\"><span class=\"wpcf7-form-control-wrap your-email\"><input type=\"email\" name=\"your-email\" value=\"\" size=\"40\" class=\"wpcf7-form-control wpcf7-text wpcf7-email wpcf7-validates-as-required wpcf7-validates-as-email\" aria-required=\"true\" aria-invalid=\"false\" placeholder=\"EMAIL\" \/><\/span> <\/div>\n<div class=\"fusion-one-third fusion-layout-column fusion-column-last fusion-spacing-yes\"><span class=\"wpcf7-form-control-wrap your-subject\"><input type=\"text\" name=\"your-subject\" value=\"\" size=\"40\" class=\"wpcf7-form-control wpcf7-text wpcf7-validates-as-required\" aria-required=\"true\" aria-invalid=\"false\" placeholder=\"BETREFF\" \/><\/span><\/div>\n<p><span class=\"wpcf7-form-control-wrap your-message\"><textarea name=\"your-message\" cols=\"40\" rows=\"10\" class=\"wpcf7-form-control wpcf7-textarea\" aria-invalid=\"false\" placeholder=\"NACHRICHT\"><\/textarea><\/span><\/p>\n<p><span class=\"wpcf7-form-control-wrap acceptance-793\"><span class=\"wpcf7-form-control wpcf7-acceptance\"><span class=\"wpcf7-list-item\"><input type=\"checkbox\" name=\"acceptance-793\" value=\"1\" aria-invalid=\"false\" class=\"zz\" id=\"zz\" \/><\/span><\/span><\/span> Ich habe die <b><a href=\"https:\/\/www.unterhoferholz.eu\/index.php\/impressum\/\">Datenschutzbestimmungen<\/a><\/b> gelesen und bin mit der Verarbeitung meiner pers\u00f6nlichen Daten einverstanden.<\/p>\n<p><input type=\"submit\" value=\"Senden\" class=\"wpcf7-form-control has-spinner wpcf7-submit\" \/> <\/p>\n<div class=\"wpcf7-response-output\" aria-hidden=\"true\"><\/div><\/form><\/div>\n<div class=\"fusion-clearfix\"><\/div><\/div><\/div><div class=\"fusion-one-sixth fusion-layout-column fusion-column-last fusion-spacing-yes\" style=\"margin-top:0px;margin-bottom:20px;\"><div class=\"fusion-column-wrapper\"><div class=\"fusion-clearfix\"><\/div><\/div><\/div><div class=\"fusion-clearfix\"><\/div><div class=\"imageframe-align-center\"><span class=\"fusion-imageframe imageframe-none imageframe-2 hover-type-none\"> <img src=\"https:\/\/www.unterhoferholz.eu\/rogaa16\/wp-content\/uploads\/2014\/12\/\u00a9-UNTERHOFER-Holz-Holz-1024x223.png\" alt=\"\" class=\"img-responsive\"\/><\/span><\/div><div class=\"fusion-image-carousel fusion-image-carousel-auto lightbox-enabled\"><div class=\"fusion-carousel\" data-autoplay=\"yes\" data-columns=\"3\" data-itemmargin=\"40\" data-itemwidth=\"180\" data-touchscroll=\"no\" data-imagesize=\"auto\" data-scrollitems=\"1\"><div class=\"fusion-carousel-positioner\"><ul class=\"fusion-carousel-holder\"><li class=\"fusion-carousel-item\"><div class=\"fusion-carousel-item-wrapper\"><div class=\"fusion-image-wrapper hover-type-liftup\"><a data-rel=\"iLightbox[gallery_image_1]\" data-title=\"\u00a9-UNTERHOFER-Holz-23\" href=\"https:\/\/www.unterhoferholz.eu\/rogaa16\/wp-content\/uploads\/2016\/12\/\u00a9-UNTERHOFER-Holz-23-1024x683.jpg\" target=\"_self\"><img src=\"https:\/\/www.unterhoferholz.eu\/rogaa16\/wp-content\/uploads\/2016\/12\/\u00a9-UNTERHOFER-Holz-23-1024x683.jpg\" alt=\"\" \/><\/a><\/div><\/div><\/li><li class=\"fusion-carousel-item\"><div class=\"fusion-carousel-item-wrapper\"><div class=\"fusion-image-wrapper hover-type-liftup\"><a data-rel=\"iLightbox[gallery_image_1]\" data-title=\"\u00a9-UNTERHOFER-Holz-25\" href=\"https:\/\/www.unterhoferholz.eu\/rogaa16\/wp-content\/uploads\/2016\/12\/\u00a9-UNTERHOFER-Holz-25-1024x683.jpg\" target=\"_self\"><img src=\"https:\/\/www.unterhoferholz.eu\/rogaa16\/wp-content\/uploads\/2016\/12\/\u00a9-UNTERHOFER-Holz-25-1024x683.jpg\" alt=\"\" \/><\/a><\/div><\/div><\/li><li class=\"fusion-carousel-item\"><div class=\"fusion-carousel-item-wrapper\"><div class=\"fusion-image-wrapper hover-type-liftup\"><a data-rel=\"iLightbox[gallery_image_1]\" data-title=\"\u00a9-UNTERHOFER-Holz-15\" href=\"https:\/\/www.unterhoferholz.eu\/rogaa16\/wp-content\/uploads\/2016\/12\/\u00a9-UNTERHOFER-Holz-15-1024x781.jpg\" target=\"_self\"><img src=\"https:\/\/www.unterhoferholz.eu\/rogaa16\/wp-content\/uploads\/2016\/12\/\u00a9-UNTERHOFER-Holz-15-1024x781.jpg\" alt=\"\" \/><\/a><\/div><\/div><\/li><li class=\"fusion-carousel-item\"><div class=\"fusion-carousel-item-wrapper\"><div class=\"fusion-image-wrapper hover-type-liftup\"><a data-rel=\"iLightbox[gallery_image_1]\" data-title=\"\u00a9-UNTERHOFER-Holz-27\" href=\"https:\/\/www.unterhoferholz.eu\/rogaa16\/wp-content\/uploads\/2016\/12\/\u00a9-UNTERHOFER-Holz-27-1024x683.jpg\" target=\"_self\"><img src=\"https:\/\/www.unterhoferholz.eu\/rogaa16\/wp-content\/uploads\/2016\/12\/\u00a9-UNTERHOFER-Holz-27-1024x683.jpg\" alt=\"\" \/><\/a><\/div><\/div><\/li><li class=\"fusion-carousel-item\"><div class=\"fusion-carousel-item-wrapper\"><div class=\"fusion-image-wrapper hover-type-liftup\"><a data-rel=\"iLightbox[gallery_image_1]\" data-title=\"Unterhofer Holz Zirbenholz\" href=\"https:\/\/www.unterhoferholz.eu\/rogaa16\/wp-content\/uploads\/2017\/01\/Unterhofer-Holz-Zirbenholz-1024x684.jpg\" target=\"_self\"><img src=\"https:\/\/www.unterhoferholz.eu\/rogaa16\/wp-content\/uploads\/2017\/01\/Unterhofer-Holz-Zirbenholz-1024x684.jpg\" alt=\"\" \/><\/a><\/div><\/div><\/li><li class=\"fusion-carousel-item\"><div class=\"fusion-carousel-item-wrapper\"><div class=\"fusion-image-wrapper hover-type-liftup\"><a data-rel=\"iLightbox[gallery_image_1]\" data-title=\"\u00a9-UNTERHOFER-Holz-01\" href=\"https:\/\/www.unterhoferholz.eu\/rogaa16\/wp-content\/uploads\/2016\/12\/\u00a9-UNTERHOFER-Holz-01-1024x587.jpg\" target=\"_self\"><img src=\"https:\/\/www.unterhoferholz.eu\/rogaa16\/wp-content\/uploads\/2016\/12\/\u00a9-UNTERHOFER-Holz-01-1024x587.jpg\" alt=\"\" \/><\/a><\/div><\/div><\/li><li class=\"fusion-carousel-item\"><div class=\"fusion-carousel-item-wrapper\"><div class=\"fusion-image-wrapper hover-type-liftup\"><a data-rel=\"iLightbox[gallery_image_1]\" data-title=\"20150409_090822\" href=\"https:\/\/www.unterhoferholz.eu\/rogaa16\/wp-content\/uploads\/2017\/01\/20150409_090822-1024x576.jpg\" target=\"_self\"><img src=\"https:\/\/www.unterhoferholz.eu\/rogaa16\/wp-content\/uploads\/2017\/01\/20150409_090822-1024x576.jpg\" alt=\"\" \/><\/a><\/div><\/div><\/li><\/ul><div class=\"fusion-carousel-nav\"><span class=\"fusion-nav-prev\"><\/span><span class=\"fusion-nav-next\"><\/span><\/div><\/div><\/div><\/div><\/div><\/div>\n","protected":false},"excerpt":{"rendered":"","protected":false},"author":1,"featured_media":0,"parent":0,"menu_order":0,"comment_status":"closed","ping_status":"closed","template":"100-width.php","meta":[],"yoast_head":"<!-- This site is optimized with the Yoast SEO plugin v18.1 - https:\/\/yoast.com\/wordpress\/plugins\/seo\/ -->\n<title>KONTAKT | UNTERHOFER HOLZ<\/title>\n<meta name=\"robots\" content=\"index, follow, max-snippet:-1, max-image-preview:large, max-video-preview:-1\" \/>\n<link rel=\"canonical\" href=\"https:\/\/www.unterhoferholz.eu\/index.php\/kontakt\/\" \/>\n<meta property=\"og:locale\" content=\"de_DE\" \/>\n<meta property=\"og:type\" content=\"article\" \/>\n<meta property=\"og:title\" content=\"KONTAKT | UNTERHOFER HOLZ\" \/>\n<meta property=\"og:url\" content=\"https:\/\/www.unterhoferholz.eu\/index.php\/kontakt\/\" \/>\n<meta property=\"og:site_name\" content=\"UNTERHOFER HOLZ\" \/>\n<meta property=\"article:modified_time\" content=\"2018-08-11T10:01:26+00:00\" \/>\n<meta property=\"og:image\" content=\"https:\/\/www.unterhoferholz.eu\/rogaa16\/wp-content\/uploads\/2014\/12\/\u00a9-UNTERHOFER-Holz-Holz-1024x223.png\" \/>\n<meta name=\"twitter:card\" content=\"summary_large_image\" \/>\n<meta name=\"twitter:label1\" content=\"Gesch\u00e4tzte Lesezeit\" \/>\n\t<meta name=\"twitter:data1\" content=\"5\u00a0Minuten\" \/>\n<script type=\"application\/ld+json\" class=\"yoast-schema-graph\">{\"@context\":\"https:\/\/schema.org\",\"@graph\":[{\"@type\":\"Organization\",\"@id\":\"https:\/\/www.unterhoferholz.eu\/#organization\",\"name\":\"Unterhofer Holz\",\"url\":\"https:\/\/www.unterhoferholz.eu\/\",\"sameAs\":[],\"logo\":{\"@type\":\"ImageObject\",\"@id\":\"https:\/\/www.unterhoferholz.eu\/#logo\",\"inLanguage\":\"de\",\"url\":\"https:\/\/www.unterhoferholz.eu\/rogaa16\/wp-content\/uploads\/2016\/12\/UNTERHOFER-HOLZ-Logo-1.png\",\"contentUrl\":\"https:\/\/www.unterhoferholz.eu\/rogaa16\/wp-content\/uploads\/2016\/12\/UNTERHOFER-HOLZ-Logo-1.png\",\"width\":300,\"height\":83,\"caption\":\"Unterhofer Holz\"},\"image\":{\"@id\":\"https:\/\/www.unterhoferholz.eu\/#logo\"}},{\"@type\":\"WebSite\",\"@id\":\"https:\/\/www.unterhoferholz.eu\/#website\",\"url\":\"https:\/\/www.unterhoferholz.eu\/\",\"name\":\"UNTERHOFER HOLZ\",\"description\":\"Qualit\u00e4tsholz aus S\u00fcdtirol ...\",\"publisher\":{\"@id\":\"https:\/\/www.unterhoferholz.eu\/#organization\"},\"potentialAction\":[{\"@type\":\"SearchAction\",\"target\":{\"@type\":\"EntryPoint\",\"urlTemplate\":\"https:\/\/www.unterhoferholz.eu\/?s={search_term_string}\"},\"query-input\":\"required name=search_term_string\"}],\"inLanguage\":\"de\"},{\"@type\":\"ImageObject\",\"@id\":\"https:\/\/www.unterhoferholz.eu\/index.php\/kontakt\/#primaryimage\",\"inLanguage\":\"de\",\"url\":\"https:\/\/www.unterhoferholz.eu\/rogaa16\/wp-content\/uploads\/2014\/12\/\u00a9-UNTERHOFER-Holz-Holz.png\",\"contentUrl\":\"https:\/\/www.unterhoferholz.eu\/rogaa16\/wp-content\/uploads\/2014\/12\/\u00a9-UNTERHOFER-Holz-Holz.png\",\"width\":1024,\"height\":223,\"caption\":\"\u00a9 123RF\"},{\"@type\":\"WebPage\",\"@id\":\"https:\/\/www.unterhoferholz.eu\/index.php\/kontakt\/#webpage\",\"url\":\"https:\/\/www.unterhoferholz.eu\/index.php\/kontakt\/\",\"name\":\"KONTAKT | UNTERHOFER HOLZ\",\"isPartOf\":{\"@id\":\"https:\/\/www.unterhoferholz.eu\/#website\"},\"primaryImageOfPage\":{\"@id\":\"https:\/\/www.unterhoferholz.eu\/index.php\/kontakt\/#primaryimage\"},\"datePublished\":\"2015-11-25T21:23:23+00:00\",\"dateModified\":\"2018-08-11T10:01:26+00:00\",\"breadcrumb\":{\"@id\":\"https:\/\/www.unterhoferholz.eu\/index.php\/kontakt\/#breadcrumb\"},\"inLanguage\":\"de\",\"potentialAction\":[{\"@type\":\"ReadAction\",\"target\":[\"https:\/\/www.unterhoferholz.eu\/index.php\/kontakt\/\"]}]},{\"@type\":\"BreadcrumbList\",\"@id\":\"https:\/\/www.unterhoferholz.eu\/index.php\/kontakt\/#breadcrumb\",\"itemListElement\":[{\"@type\":\"ListItem\",\"position\":1,\"name\":\"Startseite\",\"item\":\"https:\/\/www.unterhoferholz.eu\/\"},{\"@type\":\"ListItem\",\"position\":2,\"name\":\"KONTAKT\"}]}]}<\/script>\n<!-- \/ Yoast SEO plugin. -->","yoast_head_json":{"title":"KONTAKT | UNTERHOFER HOLZ","robots":{"index":"index","follow":"follow","max-snippet":"max-snippet:-1","max-image-preview":"max-image-preview:large","max-video-preview":"max-video-preview:-1"},"canonical":"https:\/\/www.unterhoferholz.eu\/index.php\/kontakt\/","og_locale":"de_DE","og_type":"article","og_title":"KONTAKT | UNTERHOFER HOLZ","og_url":"https:\/\/www.unterhoferholz.eu\/index.php\/kontakt\/","og_site_name":"UNTERHOFER HOLZ","article_modified_time":"2018-08-11T10:01:26+00:00","og_image":[{"url":"https:\/\/www.unterhoferholz.eu\/rogaa16\/wp-content\/uploads\/2014\/12\/\u00a9-UNTERHOFER-Holz-Holz-1024x223.png"}],"twitter_card":"summary_large_image","twitter_misc":{"Gesch\u00e4tzte Lesezeit":"5\u00a0Minuten"},"schema":{"@context":"https:\/\/schema.org","@graph":[{"@type":"Organization","@id":"https:\/\/www.unterhoferholz.eu\/#organization","name":"Unterhofer Holz","url":"https:\/\/www.unterhoferholz.eu\/","sameAs":[],"logo":{"@type":"ImageObject","@id":"https:\/\/www.unterhoferholz.eu\/#logo","inLanguage":"de","url":"https:\/\/www.unterhoferholz.eu\/rogaa16\/wp-content\/uploads\/2016\/12\/UNTERHOFER-HOLZ-Logo-1.png","contentUrl":"https:\/\/www.unterhoferholz.eu\/rogaa16\/wp-content\/uploads\/2016\/12\/UNTERHOFER-HOLZ-Logo-1.png","width":300,"height":83,"caption":"Unterhofer Holz"},"image":{"@id":"https:\/\/www.unterhoferholz.eu\/#logo"}},{"@type":"WebSite","@id":"https:\/\/www.unterhoferholz.eu\/#website","url":"https:\/\/www.unterhoferholz.eu\/","name":"UNTERHOFER HOLZ","description":"Qualit\u00e4tsholz aus S\u00fcdtirol ...","publisher":{"@id":"https:\/\/www.unterhoferholz.eu\/#organization"},"potentialAction":[{"@type":"SearchAction","target":{"@type":"EntryPoint","urlTemplate":"https:\/\/www.unterhoferholz.eu\/?s={search_term_string}"},"query-input":"required name=search_term_string"}],"inLanguage":"de"},{"@type":"ImageObject","@id":"https:\/\/www.unterhoferholz.eu\/index.php\/kontakt\/#primaryimage","inLanguage":"de","url":"https:\/\/www.unterhoferholz.eu\/rogaa16\/wp-content\/uploads\/2014\/12\/\u00a9-UNTERHOFER-Holz-Holz.png","contentUrl":"https:\/\/www.unterhoferholz.eu\/rogaa16\/wp-content\/uploads\/2014\/12\/\u00a9-UNTERHOFER-Holz-Holz.png","width":1024,"height":223,"caption":"\u00a9 123RF"},{"@type":"WebPage","@id":"https:\/\/www.unterhoferholz.eu\/index.php\/kontakt\/#webpage","url":"https:\/\/www.unterhoferholz.eu\/index.php\/kontakt\/","name":"KONTAKT | UNTERHOFER HOLZ","isPartOf":{"@id":"https:\/\/www.unterhoferholz.eu\/#website"},"primaryImageOfPage":{"@id":"https:\/\/www.unterhoferholz.eu\/index.php\/kontakt\/#primaryimage"},"datePublished":"2015-11-25T21:23:23+00:00","dateModified":"2018-08-11T10:01:26+00:00","breadcrumb":{"@id":"https:\/\/www.unterhoferholz.eu\/index.php\/kontakt\/#breadcrumb"},"inLanguage":"de","potentialAction":[{"@type":"ReadAction","target":["https:\/\/www.unterhoferholz.eu\/index.php\/kontakt\/"]}]},{"@type":"BreadcrumbList","@id":"https:\/\/www.unterhoferholz.eu\/index.php\/kontakt\/#breadcrumb","itemListElement":[{"@type":"ListItem","position":1,"name":"Startseite","item":"https:\/\/www.unterhoferholz.eu\/"},{"@type":"ListItem","position":2,"name":"KONTAKT"}]}]}},"_links":{"self":[{"href":"https:\/\/www.unterhoferholz.eu\/index.php\/wp-json\/wp\/v2\/pages\/340"}],"collection":[{"href":"https:\/\/www.unterhoferholz.eu\/index.php\/wp-json\/wp\/v2\/pages"}],"about":[{"href":"https:\/\/www.unterhoferholz.eu\/index.php\/wp-json\/wp\/v2\/types\/page"}],"author":[{"embeddable":true,"href":"https:\/\/www.unterhoferholz.eu\/index.php\/wp-json\/wp\/v2\/users\/1"}],"replies":[{"embeddable":true,"href":"https:\/\/www.unterhoferholz.eu\/index.php\/wp-json\/wp\/v2\/comments?post=340"}],"version-history":[{"count":21,"href":"https:\/\/www.unterhoferholz.eu\/index.php\/wp-json\/wp\/v2\/pages\/340\/revisions"}],"predecessor-version":[{"id":1627,"href":"https:\/\/www.unterhoferholz.eu\/index.php\/wp-json\/wp\/v2\/pages\/340\/revisions\/1627"}],"wp:attachment":[{"href":"https:\/\/www.unterhoferholz.eu\/index.php\/wp-json\/wp\/v2\/media?parent=340"}],"curies":[{"name":"wp","href":"https:\/\/api.w.org\/{rel}","templated":true}]}}